{"id":21,"date":"2014-05-03T22:39:07","date_gmt":"2014-05-03T22:39:07","guid":{"rendered":"http:\/\/rightplacecall.com\/?page_id=21"},"modified":"2022-05-31T11:54:54","modified_gmt":"2022-05-31T11:54:54","slug":"services","status":"publish","type":"page","link":"https:\/\/www5.rightplacecall.com\/?page_id=21","title":{"rendered":"Services"},"content":{"rendered":"<div class=\"flex_column av_one_full  flex_column_div first  \" ><section class=\"av_textblock_section\"  itemscope=\"itemscope\" itemtype=\"https:\/\/schema.org\/CreativeWork\" ><div class='avia_textblock '   itemprop=\"text\" ><h1>Notre avantage concurrentiel : combiner le meilleur des 2 mondes !<\/h1>\n<p>Le groupe RightPlaceCall a r\u00e9alis\u00e9 pour vous un mix pragmatique des technologies les plus performantes et des ressources humaines off-shore les mieux form\u00e9es.<\/p>\n<p>Le nouveau rapport \u00ab\u00a0co\u00fbt \/ service\u00a0\u00bb qui en d\u00e9coule autorise<\/p>\n<ul>\n<li>plus de cr\u00e9ativit\u00e9<\/li>\n<li>plus d&rsquo;ambition<\/li>\n<li>plus de profits<\/li>\n<\/ul>\n<p>RightPlaceCall, centre de contacts multi-canal Near-shore devient votre meilleur atout dans la comp\u00e9tition \u00e9conomique globale.<\/p>\n<p>L&rsquo;\u00e9quipe de management pluridisciplinaire de RightPlaceCall vous offrent un \u00e9ventail de comp\u00e9tences techniques, marketing, CRM, Datamining et vous accompagne dans l&rsquo;ensemble des cycles de vie de votre projet, ce qui constitue une r\u00e9elle opportunit\u00e9 de r\u00e9ussite.<\/p>\n<p>Nos services :<\/p>\n<ul>\n<li>Cellule t\u00e9l\u00e9phonique de prise de rendez-vous Prise de RDV qualifi\u00e9s<\/li>\n<li>Confirmation<\/li>\n<li>Administration des ventes\n<ul>\n<li>administration des agendas commerciaux<\/li>\n<li>optimisation g\u00e9ographique et horaire des tourn\u00e9es<\/li>\n<\/ul>\n<\/li>\n<li>Cellule de t\u00e9l\u00e9vente de produits &amp; services\n<ul>\n<li>ventes crois\u00e9es<\/li>\n<li>ventes additionnelles<\/li>\n<li>relance de fid\u00e9lisation apr\u00e8s \u00e9tude datamining des fichiers clients<\/li>\n<\/ul>\n<\/li>\n<\/ul>\n<\/div><\/section><\/div><div class=\"flex_column av_one_full  flex_column_div first  \" ><\/div><\/p>\n","protected":false},"excerpt":{"rendered":"","protected":false},"author":7,"featured_media":0,"parent":0,"menu_order":0,"comment_status":"open","ping_status":"open","template":"","meta":[],"_links":{"self":[{"href":"https:\/\/www5.rightplacecall.com\/index.php?rest_route=\/wp\/v2\/pages\/21"}],"collection":[{"href":"https:\/\/www5.rightplacecall.com\/index.php?rest_route=\/wp\/v2\/pages"}],"about":[{"href":"https:\/\/www5.rightplacecall.com\/index.php?rest_route=\/wp\/v2\/types\/page"}],"author":[{"embeddable":true,"href":"https:\/\/www5.rightplacecall.com\/index.php?rest_route=\/wp\/v2\/users\/7"}],"replies":[{"embeddable":true,"href":"https:\/\/www5.rightplacecall.com\/index.php?rest_route=%2Fwp%2Fv2%2Fcomments&post=21"}],"version-history":[{"count":1,"href":"https:\/\/www5.rightplacecall.com\/index.php?rest_route=\/wp\/v2\/pages\/21\/revisions"}],"predecessor-version":[{"id":5351,"href":"https:\/\/www5.rightplacecall.com\/index.php?rest_route=\/wp\/v2\/pages\/21\/revisions\/5351"}],"wp:attachment":[{"href":"https:\/\/www5.rightplacecall.com\/index.php?rest_route=%2Fwp%2Fv2%2Fmedia&parent=21"}],"curies":[{"name":"wp","href":"https:\/\/api.w.org\/{rel}","templated":true}]}}